1323
Convert 2127 (base 9) to base 14.
7da
Convert e63 (base 15) to base 6.
23003
Convert -21034 (base 6) to base 3.
-10212211
-2cb (base 16) to base 8
-1313
What is -2002120 (base 3) in base 7?
-4311
Convert 134 (base 13) to base 12.
158
1b4b (base 12) to base 13
16c4
72aa (base 11) to base 6
112451
Convert 1d8f (base 16) to base 10.
7567
-10142 (base 5) to base 3
-220220
What is -100323 (base 4) in base 13?
-654
What is -10110 (base 2) in base 4?
-112
-114053 (base 8) to base 4
-21200223
7c (base 13) to base 6
251
Convert 23cc (base 13) to base 16.
13cd
What is 10001001110 (base 2) in base 5?
13402
-7140 (base 8) to base 10
-3680
-11000100111 (base 2) to base 8
-3047
Convert -a95a (base 13) to base 14.
-8834
Convert -72a (base 11) to base 2.
-1101101111
What is 2201 (base 6) in base 10?
505
What is 9f (base 16) in base 6?
423
Convert -3102 (base 5) to base 9.
-486
Convert 1433 (base 6) to base 12.
279
What is 4339 (base 10) in base 9?
5851
What is -110332 (base 4) in base 6?
-10114
What is -2d8 (base 15) in base 4?
-22031
What is 204 (base 12) in base 11?
246
What is 1ac (base 13) in base 4?
10313
What is 10021120 (base 3) in base 16?
957
Convert 103132 (base 9) to base 14.
184dc
What is 22412 (base 6) in base 9?
4318
20134 (base 9) to base 11
9a41
What is 2211 (base 6) in base 3?
200221
Convert 10001 (base 6) to base 11.
a7a
What is -5578 (base 9) in base 4?
-1000121
What is 2b3 (base 13) in base 16?
1e4
Convert -1c7b (base 15) to base 6.
-44355
What is -aad4 (base 14) in base 3?
-1111120210
What is 7701 (base 8) in base 15?
12dd
-64243 (base 8) to base 6
-324003
a2 (base 16) to base 12
116
-202 (base 16) to base 11
-428
Convert 1002 (base 7) to base 14.
1a9
Convert -2122321 (base 4) to base 13.
-4687
What is 24303 (base 5) in base 14?
948
-bad (base 15) to base 7
-10456
101110111011 (base 2) to base 15
d53
Convert -100001 (base 2) to base 10.
-33
What is 11a2 (base 14) in base 16?
c0a
1278 (base 14) to base 7
12311
-10247 (base 14) to base 7
-221220
Convert 1130 (base 8) to base 3.
211020
-165414 (base 8) to base 12
-2a9a4
Convert -6723 (base 9) to base 4.
-1031202
What is -11634 (base 8) in base 9?
-6787
Convert -106023 (base 8) to base 12.
-18903
Convert -1200101 (base 3) to base 8.
-2311
What is -3a6a (base 13) in base 10?
-8369
What is 2326 (base 9) in base 11?
1329
What is 12002222 (base 3) in base 8?
7215
What is -14415 (base 6) in base 9?
-3152
What is -1692 (base 13) in base 11?
-2558
Convert -3125 (base 6) to base 2.
-1010111101
Convert 1012001 (base 3) to base 7.
2344
What is -15304 (base 8) in base 14?
-26d6
What is 1bb (base 13) in base 10?
323
-10100010001 (base 2) to base 14
-689
14922 (base 10) to base 14
561c
Convert 2528 (base 15) to base 2.
1111011101001
Convert -11100101 (base 2) to base 10.
-229
What is -11102012 (base 3) in base 8?
-6222
21041 (base 5) to base 2
10101110100
-a464 (base 12) to base 11
-12522
What is 4949 (base 11) in base 15?
1db1
What is 1ba (base 13) in base 4?
11002
3204 (base 5) to base 8
655
What is 26b (base 14) in base 11?
403
887 (base 10) to base 2
1101110111
Convert 2033 (base 4) to base 7.
263
What is -5970 (base 16) in base 9?
-34360
Convert c352 (base 13) to base 3.
1100221201
1874 (base 10) to base 4
131102
6737 (base 8) to base 16
ddf
What is 1201 (base 5) in base 2?
10110000
Convert -2726 (base 9) to base 12.
-1229
156 (base 13) to base 16
f0
Convert 2c80 (base 16) to base 3.
120121221
Convert -243123 (base 7) to base 3.
-2020210020
What is 6925 (base 12) in base 11?
8870
-2da (base 15) to base 8
-1217
What is 274b (base 12) in base 13?
209c
-100011100111 (base 2) to base 13
-1064
20 (base 9) to base 10
18
661 (base 7) to base 16
151
What is f08 (base 16) in base 7?
14135
What is -125020 (base 8) in base 4?
-22220100
-22c1 (base 14) to base 4
-1132201
12303 (base 11) to base 15
537e
What is -1b5 (base 12) in base 5?
-2111
What is 311022 (base 4) in base 16?
d4a
407 (base 10) to base 8
627
What is 331f (base 16) in base 7?
53104
What is -326 (base 14) in base 8?
-1156
What is 12666 (base 8) in base 16?
15b6
1276 (base 16) to base 7
16531
What is -11223 (base 4) in base 15?
-193
-64177 (base 8) to base 7
-140664
What is -30058 (base 9) in base 14?
-729a
Convert a00 (base 11) to base 9.
1584
2240 (base 6) to base 13
318
-a239 (base 11) to base 3
-200122111
What is -c215 (base 13) in base 8?
-64140
What is -2103 (base 8) in base 5?
-13331
Convert -21310 (base 4) to base 16.
-274
-1402 (base 9) to base 10
-1055
-262 (base 10) to base 15
-127
-5a3b (base 13) to base 16
-31b5
dc6b (base 16) to base 9
85356
Convert 33b1 (base 15) to base 9.
16034
Convert -10111100110 (base 2) to base 14.
-79c
What is -6688 (base 13) in base 11?
-a828
Convert 101111101 (base 2) to base 3.
112010
What is -1020012 (base 3) in base 9?
-1205
-14304 (base 9) to base 12
-5764
Convert 11011011 (base 2) to base 4.
3123
-916 (base 13) to base 12
-a84
Convert -33200 (base 4) to base 13.
-5b4
What is -160 (base 7) in base 15?
-61
Convert -13220020 (base 4) to base 2.
-111101000001000
Convert -122302 (base 4) to base 7.
-4666
Convert -2032232 (base 4) to base 13.
-4208
-267 (base 12) to base 5
-2432
4549 (base 10) to base 3
20020111
Convert -3220 (base 4) to base 9.
-277
43414 (base 5) to base 16
ba8
49a (base 12) to base 5
10234
Convert 41632 (base 8) to base 16.
439a
What is -1238 (base 12) in base 16?
-80c
Convert 213230 (base 4) to base 9.
3432
Convert 57522 (base 8) to base 4.
11331102
What is -10001111010 (base 2) in base 15?
-516
What is -69a8 (base 15) in base 8?
-53641
50055 (base 7) to base 12
6b79
Convert -1595a (base 11) to base 10.
-22450
13449 (base 10) to base 9
20403
Convert -1dc (base 14) to base 10.
-390
What is 1157 (base 8) in base 16?
26f
-86158 (base 9) to base 16
-dea4
Convert 110011100111 (base 2) to base 15.
ea3
What is -2b9 (base 12) in base 4?
-12231
Convert -101c (base 15) to base 6.
-23430
What is 3310 (base 5) in base 3?
121212
14302 (base 6) to base 12
1392
-5380 (base 10) to base 8
-12404
Convert -1122 (base 6) to base 3.
-100212
What is 6749 (base 10) in base 14?
2661
What is -1b8 (base 15) in base 13?
-248
-11012 (base 3) to base 4
-1301
-1110110000011 (base 2) to base 8
-16603
111011100100 (base 2) to base 8
7344
-111101 (base 2) to base 11
-56
Convert -c009 (base 13) to base 10.
-26373
Convert 300 (base 11) to base 15.
193
-5135 (base 8) to base 9
-3567
15151 (base 6) to base 16
98b
What is -11011100 (base 3) in base 10?
-3033
Convert 1032442 (base 5) to base 11.
12478
Convert -5673 (base 11) to base 9.
-11210
Convert 13204 (base 5) to base 14.
554
Convert 1a1 (base 16) to base 13.
261
11100001010111 (base 2) to base 15
4418
-10f7 (base 16) to base 6
-32035
11223113 (base 4) to base 12
1155b
What is -100110100 (base 2) in base 6?
-1232
2331232 (base 5) to base 2
1010011011000100
1322221 (base 4) to base 13
375a
30302 (base 4) to base 15
398
-27b (base 15) to base 7
-1436
Convert -a0a (base 14) to base 8.
-3662
273a (base 14) to base 13
31b9
What is 2204324 (base 5) in base 15?
b444
Convert 71 (base 15) to base 9.
127
207 (base 10) to base 9
250
What is 49a9 (base 16) in base 2?
100100110101001
Convert -3223 (base 7) to base 5.
-14034
2010011 (base 4) to base 15
2788
Convert 1010110011100 (base 2) to base 11.
417a
Convert -7e7 (base 15) to base 6.
-12144
What is -1042132 (base 5) in base 8?
-43761
33233 (base 7) to base 9
12412
What is 13f2e (base 16) in base 12?
3b352
What is -fcc (base 16) in base 14?
-168c
Convert 237 (base 12) to base 9.
407
13214 (base 5) to base 3
1110020
What is 1724 (base 12) in base 6?
20444
1314033 (base 5) to base 3
1022212021
Convert -56036 (base 11) to base 3.
-11010102112
Convert -20865 (base 9) to base 11.
-a432
Convert 115242 (base 6) to base 16.
280a
4372 (base 10) to base 14
1844
1011111 (base 3) to base 8
1522
-103124 (base 5) to base 11
-2728
-10a (base 11) to base 14
-95
2b6 (base 13) to base 6
2131
Convert 634 (base 11) to base 2.
1011111011
What is -3ac (base 16) in base 9?
-1254
What is 26142 (base 7) in base 15?
20c9
75675 (base 8) to base 11
21888
Convert -11062 (base 10) to base 3.
-120011201
What is -d777 (base 15) in base 5?
-2424222
Convert 354201 (base 7) to base 8.
174631
What is 6322 (base 11) in base 10?
8373
3c50 (base 13) to base 8
2